6)/(-4). What is the greatest common factor of l and f?
10
Let y = 198 + -138. Suppose 2*w - l + 11 = 45, -w - 5*l = 5. Calculate the highest common divisor of y and w.
15
Suppose 0 = -4*l + 60 + 72. Let f = l + 57. What is the greatest common divisor of f and 36?
18
Let m be (17/(-2))/(3/(-30)). Suppose 5*t - m = 135. What is the greatest common factor of t and 66?
22
Let c(o) = -3*o**3 - o**2 + 5*o - 4. Let q(h) = h**3 - h**2 + 1. Let t(x) = -c(x) - 2*q(x). Let u be t(-4). Calculate the highest common factor of u and 9.
3
Let g(u) = -10*u - 19. Let k be g(-3). What is the highest common divisor of 99 and k?
11
Suppose 6*s - 8*s = -42. Calculate the greatest common factor of s and 105.
21
Let t(y) = 3*y**2 + 7*y + 1. Let l be t(-7). What is the greatest common factor of l and 11?
11
Let j be 315/18 - ((-6)/4)/(-3). Calculate the highest common factor of j and 187.
17
Let m(o) = 6*o - 8. Let p be m(13). Calculate the highest common divisor of p and 7.
7
Suppose -l = -3*f - 19 - 8, -2*f - 118 = -4*l. Calculate the greatest common factor of l and 6.
6
Let f(p) = -100*p**3 - p**2 + 1. Let r be f(-1). Suppose m + 3*m - r = 0. Calculate the greatest common factor of m and 10.
5
Suppose -5*t + 0*t = 310. Let d = t + 98. Calculate the greatest common factor of 18 and d.
18
Let v = -8 + 14. Let s = -18 - -27. Suppose v = g - s. Calculate the highest common divisor of g and 75.
15
Let z(s) = s**3 - 4*s**2 - 8*s + 3. Let m be z(6). Suppose 2*f = -b + 3, -f + 39 = 3*b - 5*f. What is the highest common factor of m and b?
9
Suppose 4*c - 3263 = 461. Let p = -590 + c. Calculate the highest common divisor of 31 and p.
31
Let a = 470 - 275. Suppose 0 = -4*f - 5*q + a, 3*f - 2*f + 5*q - 30 = 0. Calculate the greatest common factor of f and 22.
11
Suppose -w = 2*n - 137, w + 56 = n - w. What is the highest common divisor of n and 6?
6
Let b(a) = -a**2 + a - 1. Let c(x) = 10*x**2 - 6*x + 7. Let m(o) = 5*b(o) + c(o). Let y be m(2). What is the greatest common factor of 100 and y?
20
Let s = 23 - 14. What is the highest common factor of s and 6?
3
Let h be 1 + (-2 - -1) + 2. Suppose -9*q - 13 + 175 = 0. What is the highest common divisor of h and q?
2
Let f(b) = 4*b - 2. Let n be f(8). Let j = 4 + -3. Let p be (33/(-22))/(j/(-4)). Calculate the greatest common factor of p and n.
6
Let y be (8/10)/(2/75). What is the highest common divisor of 5 and y?
5
Let w = 91 - -14. What is the greatest common factor of w and 15?
15
Suppose 0 = -5*l - b + 60, -2*l + 4*b + 20 = -26. What is the highest common factor of 104 and l?
13
Let j(h) = -3*h - 5. Let i be j(-4). Suppose -3*f = -2 - i. Suppose -f*c + 17 = -4. Calculate the highest common divisor of c and 14.
7
Let o = -3 - -6. Suppose -o*s = -3*v + 2*s + 7, 3*v - 8 = 4*s. Suppose -100 = -v*j - j. Calculate the greatest common divisor of j and 4.
4
Let x be 6/9*(-135)/(-6). Let n = 317 + -197. Calculate the greatest common factor of x and n.
15
Let z = -132 - -187. Calculate the greatest common factor of 22 and z.
11
Suppose 4*o = -5 + 13. Let g be -1*(o + 4)*-1. Calculate the greatest common divisor of g and 4.
2
Let y = 22 - 20. Let o be (140/4)/(y + -1). Calculate the highest common divisor of 7 and o.
7
Suppose -7*i = -3*i - 96. Suppose 2*y = -x + 2*x - 26, -2*y + 70 = 3*x. Suppose p = -3*p + x. Calculate the highest common factor of p and i.
6
Suppose 4*i + 168 = 4*q, 2*q + i - 75 = 3. Suppose f - 3*f - q = 0. Let l = -9 - f. Calculate the greatest common factor of 77 and l.
11
Let n(p) = -p**2 + 9*p - 3. Let t be n(5). Suppose 8 = -2*r, m - 47 = 4*r - 5*r. What is the greatest common divisor of t and m?
17
Suppose 100 = -0*u + 5*u. Let z(t) be the first derivative of 2*t**2 + 4*t + 3. Let p be z(4). Calculate the highest common factor of p and u.
20
Let i(w) = w**2 - 25. Let f be i(8). Calculate the greatest common divisor of f and 429.
39
Suppose 5*a - 1927 = 4*y, -3*a - 5*y + 811 + 360 = 0. What is the greatest common divisor of a and 43?
43
Suppose -x + 98 = 85. Calculate the greatest common divisor of 91 and x.
13
Let o(b) = -42*b**3 - b**2. Let t be o(-1). Suppose -12 = 5*v + 4*p - 253, v = p + t. What is the highest common factor of v and 9?
9
Let u = -4 - -6. Suppose u*m + 24 = 3*b - 3*m, 5*b - 40 = 5*m. Calculate the highest common divisor of 12 and b.
4
Suppose -5 = y - 2*y. Suppose 4*m - 108 = 4*v, 3*m + 0*v = y*v + 85. What is the highest common divisor of m and 5?
5
Suppose 6*w - 4*w = -6. Let n be (-6)/w*9*1. What is the highest common factor of 9 and n?
9
Let v(m) = m**3 + 9*m**2 - 4*m - 6. Let x be v(-4). Let j = -18 + 38. Let o be j - (3 - 1) - 0. Calculate the highest common factor of o and x.
18
Let s be -1 + 7/((-21)/(-30)). What is the greatest common factor of 18 and s?
9
Let f = 770 - 545. Suppose -4*t + t = -f. Calculate the greatest common divisor of 30 and t.
15
Let y be (-2)/(-4) + (-1230)/(-4). What is the greatest common divisor of y and 28?
28
Let d = -17 + 19. Let k(w) = 2*w + 3. Let h be k(-6). Let b = -6 - h. What is the highest common divisor of d and b?
1
Suppose -2*x + 1 = -5. Suppose n = x*y - 202, n - 155 = -3*y + 39. What is the greatest common factor of 6 and y?
6
Suppose 172 - 584 = -2*l - 3*d, -4*d = l - 201. Let y = -1 - -1. Suppose 4*g - 32 - 44 = y. What is the highest common divisor of l and g?
19
Let c be (297/(-12))/((-1)/56). Suppose 4*u + c = 11*u. Calculate the greatest common divisor of 18 and u.
18
Let z be 2*14/(-12)*-3. Suppose 175 = 5*q + 3*f, -29*f + 24*f = 0. Calculate the highest common factor of q and z.
7
Let b(a) = -a**3 - 3*a**2 - 5. Suppose -r = -6*r - 20. Let v be b(r). What is the greatest common divisor of 11 and v?
11
Suppose 0*x = -5*x - 2*z + 1292, 0 = 4*x + 4*z - 1024. What is the highest common factor of x and 52?
52
Let s be (-1 - -28)*2/6. Let w(c) = -c**3 + 8*c**2 - 4*c - 12. Let g be w(6). What is the greatest common divisor of s and g?
9
Suppose 0 = -3*j + 32 + 37. Suppose j*d - 14 = 22*d. Calculate the highest common divisor of 14 and d.
14
Suppose 13 = -s - 4*m, -2*s - 3*s = -4*m - 31. Suppose -r + 3*v = 61, -v = -4*r + s*v - 236. Let f = r + 85. Calculate the highest common factor of 9 and f.
9
Let i(u) = u**2 + 4*u - 10. Let a be i(5). What is the greatest common divisor of 245 and a?
35
Suppose -4 = 2*g - k - k, -11 = 4*g - 5*k. Suppose -13 + 58 = -5*h. Let w = 1 - h. What is the highest common factor of g and w?
1
Let p(v) = 3*v - 8. Let n(u) = 2*u - 7. Let o(g) = -5*n(g) + 4*p(g). Let f be (-2 + -2)/8*-8. Let y be o(f). Calculate the greatest common divisor of y and 44.
11
Suppose 4*m - 5 + 25 = -2*b, 5*b + 2*m = -10. Let y be -5*(b - 8/20). Calculate the highest common factor of y and 6.
2
Let n(o) = -3*o - 4. Let d be (20/(-15))/((-2)/(-6)). Let h be n(d). Calculate the greatest common factor of 8 and h.
8
Suppose j + 562 = -4*r - 2*j, -2*j = 4*r + 564. Let q = r - -234. What is the greatest common factor of 23 and q?
23
Let d be 2 + 34 + 0 + -2. Suppose 0 = 2*w - d - 30. Suppose -4*m + 8*m - 192 = -4*q, 3*m + 5*q - 144 = 0. Calculate the highest common factor of m and w.
16
Let g be (560/(-24))/((-1)/(-3)). Let r be ((-7)/2)/(5/g). Suppose -2*j + 19 = -2*d + 3*d, -4*j = -d - 23. What is the highest common factor of j and r?
7
Let h(l) = -l. Let p be h(4). Let t(m) = -12*m + 1. Let f be t(p). Let i = -34 + f. Calculate the highest common factor of i and 6.
3
Let g = -690 - -4067. Let t be g/44 - 1/(-4). Calculate the greatest common factor of 7 and t.
7
Let m(k) = 43*k**2 - k + 1. Let p be m(2). Let r be 1206/22 + 12/66. Let i = r - 36. What is the highest common factor of i and p?
19
Let b be ((-1)/(-2))/(4/(-24)). Let v(h) = -2*h**3 - 3*h**2 - 4*h + 1. Let w be v(b). Calculate the highest common divisor of 60 and w.
20
Let r be (-1 - 2)*16/(-3). Let h = -1 + r. Calculate the greatest common factor of h and 60.
15
Suppose -5*l - 28 = -u - u, 2*u + 5*l - 28 = 0. What is the greatest common factor of u and 56?
14
Let l be (-11)/(-9) - (-4)/(-18). Let g(f) = 11*f. Let b be g(1). Let s = b - 3. Calculate the greatest common divisor of l and s.
1
Let k(p) = p**2 + p + 1. Let i(v) = -v**3 - 12*v**2 - 12*v + 6. Let g(w) = i(w) + 3*k(w). Let m be g(-8). What is the greatest common divisor of m and 187?
17
Suppose 120 = 41*w - 38*w. Wha